{"id":83,"date":"2026-01-03T19:04:42","date_gmt":"2026-01-03T19:04:42","guid":{"rendered":"https:\/\/deni-climatique.fr\/?page_id=83"},"modified":"2026-01-14T14:56:32","modified_gmt":"2026-01-14T14:56:32","slug":"methodologie","status":"publish","type":"page","link":"https:\/\/deni-climatique.fr\/index.php\/methodologie\/","title":{"rendered":"M\u00e9thodologie"},"content":{"rendered":"\n\n\n\n\n\n\n\n\n\n\n\n\n\n\n\n\n\n\n\n\n\n\n\n\n\n\n\n\n\n\n\n","protected":false},"excerpt":{"rendered":"","protected":false},"author":1,"featured_media":0,"parent":0,"menu_order":0,"comment_status":"closed","ping_status":"closed","template":"full-width","meta":{"saved_in_kubio":true,"footnotes":""},"class_list":["post-83","page","type-page","status-publish","hentry"],"kubio_ai_page_context":{"short_desc":"","purpose":"general"},"yoast_head":"<!-- This site is optimized with the Yoast SEO plugin v27.3 - https:\/\/yoast.com\/product\/yoast-seo-wordpress\/ -->\n<title>M\u00e9thodologie &#8211; La carto du d\u00e9ni climatique<\/title>\n<meta name=\"description\" content=\"D\u00e9couvrez la m\u00e9thodologie de la cartographie des discours de d\u00e9sinformation climatique en France.\" \/>\n<meta name=\"robots\" content=\"index, follow, max-snippet:-1, max-image-preview:large, max-video-preview:-1\" \/>\n<link rel=\"canonical\" href=\"https:\/\/deni-climatique.fr\/index.php\/methodologie\/\" \/>\n<meta property=\"og:locale\" content=\"fr_FR\" \/>\n<meta property=\"og:type\" content=\"article\" \/>\n<meta property=\"og:title\" content=\"M\u00e9thodologie &#8211; La carto du d\u00e9ni climatique\" \/>\n<meta property=\"og:description\" content=\"D\u00e9couvrez la m\u00e9thodologie de la cartographie des discours de d\u00e9sinformation climatique en France.\" \/>\n<meta property=\"og:url\" content=\"https:\/\/deni-climatique.fr\/index.php\/methodologie\/\" \/>\n<meta property=\"og:site_name\" content=\"La carto du d\u00e9ni climatique\" \/>\n<meta property=\"article:modified_time\" content=\"2026-01-14T14:56:32+00:00\" \/>\n<meta property=\"og:image\" content=\"https:\/\/deni-climatique.fr\/wp-content\/uploads\/2026\/01\/carto-home.png\" \/>\n\t<meta property=\"og:image:width\" content=\"1096\" \/>\n\t<meta property=\"og:image:height\" content=\"1096\" \/>\n\t<meta property=\"og:image:type\" content=\"image\/png\" \/>\n<meta name=\"twitter:card\" content=\"summary_large_image\" \/>\n<meta name=\"twitter:label1\" content=\"Dur\u00e9e de lecture estim\u00e9e\" \/>\n\t<meta name=\"twitter:data1\" content=\"5 minutes\" \/>\n<script type=\"application\/ld+json\" class=\"yoast-schema-graph\">{\"@context\":\"https:\\\/\\\/schema.org\",\"@graph\":[{\"@type\":\"WebPage\",\"@id\":\"https:\\\/\\\/deni-climatique.fr\\\/index.php\\\/methodologie\\\/\",\"url\":\"https:\\\/\\\/deni-climatique.fr\\\/index.php\\\/methodologie\\\/\",\"name\":\"M\u00e9thodologie &#8211; La carto du d\u00e9ni climatique\",\"isPartOf\":{\"@id\":\"https:\\\/\\\/deni-climatique.fr\\\/#website\"},\"datePublished\":\"2026-01-03T19:04:42+00:00\",\"dateModified\":\"2026-01-14T14:56:32+00:00\",\"description\":\"D\u00e9couvrez la m\u00e9thodologie de la cartographie des discours de d\u00e9sinformation climatique en France.\",\"breadcrumb\":{\"@id\":\"https:\\\/\\\/deni-climatique.fr\\\/index.php\\\/methodologie\\\/#breadcrumb\"},\"inLanguage\":\"fr-FR\",\"potentialAction\":[{\"@type\":\"ReadAction\",\"target\":[\"https:\\\/\\\/deni-climatique.fr\\\/index.php\\\/methodologie\\\/\"]}]},{\"@type\":\"BreadcrumbList\",\"@id\":\"https:\\\/\\\/deni-climatique.fr\\\/index.php\\\/methodologie\\\/#breadcrumb\",\"itemListElement\":[{\"@type\":\"ListItem\",\"position\":1,\"name\":\"Accueil\",\"item\":\"https:\\\/\\\/deni-climatique.fr\\\/\"},{\"@type\":\"ListItem\",\"position\":2,\"name\":\"M\u00e9thodologie\"}]},{\"@type\":\"WebSite\",\"@id\":\"https:\\\/\\\/deni-climatique.fr\\\/#website\",\"url\":\"https:\\\/\\\/deni-climatique.fr\\\/\",\"name\":\"La carto du d\u00e9ni climatique\",\"description\":\"Cartographier la d\u00e9sinformation climatique\",\"potentialAction\":[{\"@type\":\"SearchAction\",\"target\":{\"@type\":\"EntryPoint\",\"urlTemplate\":\"https:\\\/\\\/deni-climatique.fr\\\/?s={search_term_string}\"},\"query-input\":{\"@type\":\"PropertyValueSpecification\",\"valueRequired\":true,\"valueName\":\"search_term_string\"}}],\"inLanguage\":\"fr-FR\"}]}<\/script>\n<!-- \/ Yoast SEO plugin. -->","yoast_head_json":{"title":"M\u00e9thodologie &#8211; La carto du d\u00e9ni climatique","description":"D\u00e9couvrez la m\u00e9thodologie de la cartographie des discours de d\u00e9sinformation climatique en France.","robots":{"index":"index","follow":"follow","max-snippet":"max-snippet:-1","max-image-preview":"max-image-preview:large","max-video-preview":"max-video-preview:-1"},"canonical":"https:\/\/deni-climatique.fr\/index.php\/methodologie\/","og_locale":"fr_FR","og_type":"article","og_title":"M\u00e9thodologie &#8211; La carto du d\u00e9ni climatique","og_description":"D\u00e9couvrez la m\u00e9thodologie de la cartographie des discours de d\u00e9sinformation climatique en France.","og_url":"https:\/\/deni-climatique.fr\/index.php\/methodologie\/","og_site_name":"La carto du d\u00e9ni climatique","article_modified_time":"2026-01-14T14:56:32+00:00","og_image":[{"width":1096,"height":1096,"url":"https:\/\/deni-climatique.fr\/wp-content\/uploads\/2026\/01\/carto-home.png","type":"image\/png"}],"twitter_card":"summary_large_image","twitter_misc":{"Dur\u00e9e de lecture estim\u00e9e":"5 minutes"},"schema":{"@context":"https:\/\/schema.org","@graph":[{"@type":"WebPage","@id":"https:\/\/deni-climatique.fr\/index.php\/methodologie\/","url":"https:\/\/deni-climatique.fr\/index.php\/methodologie\/","name":"M\u00e9thodologie &#8211; La carto du d\u00e9ni climatique","isPartOf":{"@id":"https:\/\/deni-climatique.fr\/#website"},"datePublished":"2026-01-03T19:04:42+00:00","dateModified":"2026-01-14T14:56:32+00:00","description":"D\u00e9couvrez la m\u00e9thodologie de la cartographie des discours de d\u00e9sinformation climatique en France.","breadcrumb":{"@id":"https:\/\/deni-climatique.fr\/index.php\/methodologie\/#breadcrumb"},"inLanguage":"fr-FR","potentialAction":[{"@type":"ReadAction","target":["https:\/\/deni-climatique.fr\/index.php\/methodologie\/"]}]},{"@type":"BreadcrumbList","@id":"https:\/\/deni-climatique.fr\/index.php\/methodologie\/#breadcrumb","itemListElement":[{"@type":"ListItem","position":1,"name":"Accueil","item":"https:\/\/deni-climatique.fr\/"},{"@type":"ListItem","position":2,"name":"M\u00e9thodologie"}]},{"@type":"WebSite","@id":"https:\/\/deni-climatique.fr\/#website","url":"https:\/\/deni-climatique.fr\/","name":"La carto du d\u00e9ni climatique","description":"Cartographier la d\u00e9sinformation climatique","potentialAction":[{"@type":"SearchAction","target":{"@type":"EntryPoint","urlTemplate":"https:\/\/deni-climatique.fr\/?s={search_term_string}"},"query-input":{"@type":"PropertyValueSpecification","valueRequired":true,"valueName":"search_term_string"}}],"inLanguage":"fr-FR"}]}},"_links":{"self":[{"href":"https:\/\/deni-climatique.fr\/index.php\/wp-json\/wp\/v2\/pages\/83","targetHints":{"allow":["GET"]}}],"collection":[{"href":"https:\/\/deni-climatique.fr\/index.php\/wp-json\/wp\/v2\/pages"}],"about":[{"href":"https:\/\/deni-climatique.fr\/index.php\/wp-json\/wp\/v2\/types\/page"}],"author":[{"embeddable":true,"href":"https:\/\/deni-climatique.fr\/index.php\/wp-json\/wp\/v2\/users\/1"}],"replies":[{"embeddable":true,"href":"https:\/\/deni-climatique.fr\/index.php\/wp-json\/wp\/v2\/comments?post=83"}],"version-history":[{"count":32,"href":"https:\/\/deni-climatique.fr\/index.php\/wp-json\/wp\/v2\/pages\/83\/revisions"}],"predecessor-version":[{"id":229,"href":"https:\/\/deni-climatique.fr\/index.php\/wp-json\/wp\/v2\/pages\/83\/revisions\/229"}],"wp:attachment":[{"href":"https:\/\/deni-climatique.fr\/index.php\/wp-json\/wp\/v2\/media?parent=83"}],"curies":[{"name":"wp","href":"https:\/\/api.w.org\/{rel}","templated":true}]}}

Méthodologie

<!-- This site is optimized with the Yoast SEO plugin v27.3 - https://yoast.com/product/yoast-seo-wordpress/ -->
<title>Méthodologie &#8211; La carto du déni climatique</title>
<meta name="description" content="Découvrez la méthodologie de la cartographie des discours de désinformation climatique en France." />
<meta name="robots" content="index, follow, max-snippet:-1, max-image-preview:large, max-video-preview:-1" />
<link rel="canonical" href="https://deni-climatique.fr/index.php/methodologie/" />
<meta property="og:locale" content="fr_FR" />
<meta property="og:type" content="article" />
<meta property="og:title" content="Méthodologie &#8211; La carto du déni climatique" />
<meta property="og:description" content="Découvrez la méthodologie de la cartographie des discours de désinformation climatique en France." />
<meta property="og:url" content="https://deni-climatique.fr/index.php/methodologie/" />
<meta property="og:site_name" content="La carto du déni climatique" />
<meta property="article:modified_time" content="2026-01-14T14:56:32+00:00" />
<meta property="og:image" content="https://deni-climatique.fr/wp-content/uploads/2026/01/carto-home.png" />
	<meta property="og:image:width" content="1096" />
	<meta property="og:image:height" content="1096" />
	<meta property="og:image:type" content="image/png" />
<meta name="twitter:card" content="summary_large_image" />
<meta name="twitter:label1" content="Durée de lecture estimée" />
	<meta name="twitter:data1" content="5 minutes" />
<script type="application/ld+json" class="yoast-schema-graph">{"@context":"https:\/\/schema.org","@graph":[{"@type":"WebPage","@id":"https:\/\/deni-climatique.fr\/index.php\/methodologie\/","url":"https:\/\/deni-climatique.fr\/index.php\/methodologie\/","name":"Méthodologie &#8211; La carto du déni climatique","isPartOf":{"@id":"https:\/\/deni-climatique.fr\/#website"},"datePublished":"2026-01-03T19:04:42+00:00","dateModified":"2026-01-14T14:56:32+00:00","description":"Découvrez la méthodologie de la cartographie des discours de désinformation climatique en France.","breadcrumb":{"@id":"https:\/\/deni-climatique.fr\/index.php\/methodologie\/#breadcrumb"},"inLanguage":"fr-FR","potentialAction":[{"@type":"ReadAction","target":["https:\/\/deni-climatique.fr\/index.php\/methodologie\/"]}]},{"@type":"BreadcrumbList","@id":"https:\/\/deni-climatique.fr\/index.php\/methodologie\/#breadcrumb","itemListElement":[{"@type":"ListItem","position":1,"name":"Accueil","item":"https:\/\/deni-climatique.fr\/"},{"@type":"ListItem","position":2,"name":"Méthodologie"}]},{"@type":"WebSite","@id":"https:\/\/deni-climatique.fr\/#website","url":"https:\/\/deni-climatique.fr\/","name":"La carto du déni climatique","description":"Cartographier la désinformation climatique","potentialAction":[{"@type":"SearchAction","target":{"@type":"EntryPoint","urlTemplate":"https:\/\/deni-climatique.fr\/?s={search_term_string}"},"query-input":{"@type":"PropertyValueSpecification","valueRequired":true,"valueName":"search_term_string"}}],"inLanguage":"fr-FR"}]}</script>
<!-- / Yoast SEO plugin. -->

Méthodologie &#8211; La carto du déni climatique

Découvrez la méthodologie de la cartographie des discours de désinformation climatique en France.

La carto du déni climatique

Cartographier la désinformation climatique
